*k - 14, 13 + 1 = 2*i - k. Let l(x) = 4*x - 23. Let a be l(i). Suppose a*m + 20 = 0, 4*t + 3*m - 5028 = -m. Is t prime?
False
Suppose 2*k + 640 = -700. Is 1 + (-5 - k/2) a composite number?
False
Suppose -7*j + 108 = 129. Let g(c) = -82*c - 11. Is g(j) composite?
True
Let q = -12861 - -23571. Let d = q + -4663. Is d a prime number?
True
Let a(o) = 167*o + 9. Let j(y) = -667*y - 36. Let l(f) = -9*a(f) - 2*j(f). Is l(-10) prime?
False
Suppose 2*r + g + 0 = -6, -5*g = 0. Let z be r + 1 + 0 - (-73 + 71). Let m(l) = -l**3 + 2*l**2 + 2*l + 1823. Is m(z) a prime number?
True
Suppose 0 = -87*q + 82*q + 25. Is 320 - (-1 - (-20)/q) a prime number?
True
Let s = 271703 + -179976. Is s a prime number?
False
Is ((-1)/(-2) + 0)/(9/1090998) a prime number?
True
Suppose -144*h + 10622959 = -107*h. Is h a composite number?
False
Let y(d) = d**3 + 159*d**2 - 94*d - 139. Is y(-128) a composite number?
False
Suppose 375*f - 12638443 + 2075068 = 0. Is f a prime number?
False
Let w(p) = 4*p**3 - 4*p**2 - 250*p - 1. Is w(21) composite?
False
Suppose -5*f + 35 = 0, 4*f = -40*c + 39*c + 201989. Is c prime?
True
Let d(f) = -f**2 + 5*f + 10. Let w be d(6). Let i be 0*(9/w - 2). Is (4 - 4) + 223 + i a composite number?
False
Suppose -17880 = -5*v - 51570. Let b = v + 12015. Is b a prime number?
False
Let l(d) = 23*d + 17. Let c = -6 + 8. Suppose 0*z + c*z = -5*p + 9, -4*z + 4*p + 60 = 0. Is l(z) a composite number?
False
Suppose 34 = -2*x + 422. Let c(i) = 3*i**3 + 10*i + 17. Let b be c(-8). Let a = x - b. Is a prime?
False
Let o(m) = m**3 - 22*m**2 + m - 20. Let c be o(22). Let u be 12/(-16)*-12 - c. Suppose -3*g + 20574 = -u*b + 2*b, 3*b + 6854 = g. Is g a composite number?
False
Let w = -1987111 - -2902494. Is w composite?
True
Let n = -135 + 80. Let c = n + -426. Let h = 24 - c. Is h prime?
False
Let z(p) = -p**2 - 3*p + 21. Let f be z(-6). Is 4178 + (f - 7) + 3 a prime number?
True
Let i = 667 - -37. Suppose -2*q = -i - 258. Is q composite?
True
Let l be 2/(-17) - ((-48675)/(-255) - -16). Let w be 5/((2 - 1)/(-29)). Let c = w - l. Is c prime?
False
Let j be ((-2)/(-6))/(7/63). Suppose -j*g + 6 + 12 = 0. Suppose g*x - 2327 - 1267 = 0. Is x a prime number?
True
Suppose -127 = -4*s + 3*g + 48, 0 = 4*s - 4*g - 176. Suppose s*t = 44*t - 2. Suppose -l + 4*l = 2*w + 2567, -1714 = -t*l + 2*w. Is l a composite number?
False
Suppose -5986 = -3*p - 4*c + 117015, -204993 = -5*p + 2*c. Is p prime?
False
Let s = 30 - 28. Let w(n) = 3*n**2 - 7*n + 4. Let a be w(s). Suppose a*p - 84 - 170 = 0. Is p composite?
False
Suppose -1974 = -3*v - 3*u, -2*u + 646 = v - 5*u. Let o = v - -3409. Is (-12)/(-20) + o/10 composite?
True
Let z be (20/(-8)*-2)/(0 - -1). Suppose -4*u = -f + 2919, -5*f + z*u + 14499 = 9*u. Is f a composite number?
False
Is 135153 - (-8 + 28)/2 composite?
True
Let i(v) = -2*v**3 - 69*v**2 - 37*v - 101. Let j be i(-34). Suppose 2*r - 4*s - 14 = 0, -r - s - 13 = 2*s. Is r/((-6)/1678*j/3) composite?
False
Suppose 3*g - 3166 - 1496 = 0. Suppose -4*j = -j - g. Let m = j + -301. Is m a prime number?
False
Suppose i - 317933 + 933872 = 2*g, 3*i = -15. Is g a prime number?
False
Suppose -w - 61837 = 11*j - 16*j, 3*w - 61829 = -5*j. Is j prime?
False
Let r(w) = 16991*w + 815. Is r(6) a composite number?
False
Suppose -5*u = -6*u + 5. Is (4/(-20))/(2/u)*-6194 composite?
True
Let s be ((-16)/(-24))/(-1 + 420/423). Let h = s + 90. Is h/(12/(-3405)) + 0 a prime number?
False
Let t be (-22)/(-3)*3/2. Suppose 11*d = 7*d + 3*s - 4, 18 = -d + 5*s. Suppose 0 = d*h - t*h + 17757. Is h a composite number?
False
Let t(g) = -1154*g**3 - 8*g**2 - 8*g - 8. Let l(r) = 1155*r**3 + 10*r**2 + 9*r + 9. Let z(p) = 5*l(p) + 6*t(p). Is z(-1) a prime number?
True
Let t(m) = -13076*m + 3991. Is t(-12) a prime number?
True
Is (150155 - 4)/(5 + (-6 - -2)) composite?
False
Let a = -32 - -87. Let m be (0 + 1)/((-33)/a)*-3. Suppose 427 = m*i - 3*v + 7*v, 0 = -3*i - 3*v + 255. Is i composite?
True
Let g(j) be the third derivative of j**5/20 - 7*j**4/12 - 35*j**3/6 - 17*j**2. Is g(-8) a prime number?
True
Let a(g) = 21*g**2 - 8*g + 2 + 10 - 3 - 3*g. Suppose 3*j + 30 = 8*j. Is a(j) prime?
False
Let h(v) = 32*v**3 + 4*v + 46. Is h(13) prime?
False
Let n = 14709 - 8333. Is 80/24 + (-4)/12 + n a composite number?
False
Let p(g) = 1141*g + 18. Let x(a) = 1145*a + 19. Let s(d) = 5*p(d) - 4*x(d). Is s(5) composite?
False
Let t(h) = -3*h - 15 - 58 + 8. Let r be t(-24). Is 1 + (3 - r) - 582/(-3) prime?
True
Let h = 75919 + -51662. Is h a prime number?
False
Let u = -83315 - -194428. Is u composite?
True
Is (-1 + (-47605)/(-3))*(-24)/(-16) a prime number?
True
Let s(z) = 61439*z + 4857. Is s(10) a prime number?
True
Let j(o) = -o**3 - o**2 + 6*o + 48383. Let p(c) = -6*c - 12. Let s be p(-2). Is j(s) prime?
True
Suppose 45 = 17*q - 380. Suppose -5*r = -q, -h + 5*h + r = 32217. Is h a prime number?
True
Let o(v) = -6*v + 6467. Is o(0) prime?
False
Let k(o) = -2*o**2 - 12*o + 4. Let q be k(-6). Suppose -930 = -3*x + q*v + 319, v = -2*x + 840. Is x composite?
False
Let z(o) = 82*o**2 + 6*o + 1. Suppose -26*l = -27*l + 4. Suppose -6*v + 2*v = 0, -l*r + 20 = -v. Is z(r) a prime number?
True
Let w = 598689 + -292322. Is w composite?
False
Suppose -4*c + 10 = -2*q, -6*c + 11*c = -3*q + 29. Suppose 2*r + 3*p = 3251, 2*p - 3121 = -q*r + 1768. Is r a composite number?
True
Let b(v) = -7992*v - 611. Is b(-29) a composite number?
True
Suppose -38 = 6*b - 8*b. Suppose b*w = 14*w. Suppose -2*q + 74 = 4*p, w*p = 5*q + 4*p - 185. Is q prime?
True
Suppose -224*y = 185*y - 132*y - 34514477. Is y a composite number?
False
Let x be 1/((-2)/(-22)) + (9 - 4). Is 43640 + (-2)/x*4*6 prime?
False
Suppose 0*h + 5*h = 4*n - 5, -4*h = -5*n + 13. Suppose -n*p = -z + 25, -z + 9 = 2*p - 3*p. Is 368 + -3 + 10/z a composite number?
False
Suppose -201*f + 11482354 = 27*f + 2270014. Is f a composite number?
True
Let k(u) = -88*u + 28. Let r be -1 - 1/(-2) - 306/36. Let d be k(r). Suppose 72 = -4*x + d. Is x a composite number?
True
Let p(z) = -3*z**2 - 3*z + 2399. Let k(w) = 7*w**2 + 7*w - 4799. Let b(f) = 4*k(f) + 9*p(f). Suppose -i - 65*i = 0. Is b(i) composite?
True
Let q(c) = -694*c - 8. Let v be q(-1). Let h = v - -2271. Is h composite?
False
Suppose -4*i = 14*i + 17*i - 6339165. Is i composite?
True
Suppose 10*s - 180 = 5*s. Suppose 0 = 10*z - 24 - s. Suppose 5*v = z*v - 111. Is v prime?
False
Suppose 4*p = -0*p + 3*p. Suppose -2 = 2*y + 2*b, 2*b + 14 = -p*y + y. Suppose -y*z - 81 = 5*d - 754, 5*z - 4*d - 831 = 0. Is z composite?
False
Let p(o) = -2*o**2 - 22*o - 14. Let i = -54 - -44. Let m be p(i). Is ((-3)/(m/(-2174)))/1 composite?
False
Suppose -3 = -3*x, 172*k - 174*k + 36750 = 4*x. Is k composite?
True
Let p be 12/(-9)*(-9)/2. Suppose p*k = 2479 + 2303. Is k prime?
True
Let s = 4933 + 4680. Is s prime?
True
Suppose 17*m - 454919 = 515366 + 1557972. Is m composite?
False
Suppose 4*f + 26 = 6*f. Let g(u) = 3*u**3 - 3*u**2 + u - 12. Let a be g(f). Suppose 6*z - a = z. Is z a prime number?
True
Let s be (2 - 16)*(-54)/189. Suppose -s*v + 4*z - 5246 = -6*v, -4*z = 4*v - 10504. Is v a prime number?
False
Let a(j) = 1756*j**2 + 21*j + 88. Is a(-5) a prime number?
False
Let h be 6/(-3) + -39 + -3. Let u be (h/16)/((-3)/156). Let f = 270 - u. Is f prime?
True
Suppose 45 = -136*u + 139*u. Suppose u*a - 10*a = 5135. Is a a prime number?
False
Let g(f) = -f**2 - 8*f + 11. Let o be g(-9). Suppose 1930 = 2*d + 3*p - 838, -5*d + 6909 = o*p. Is d composite?
False
Let m(d) = -14*d - 28. Let v be m(-2). Suppose 7*l + 13875 - 40454 = v. Is l a prime number?
True
Let x(v) = -27*v + 3. Let l(z) = -27*z + 3. Let h be 258/(-54) - (-2)/(-9). Let g(y) = h*l(y) + 6*x(y). Is g(-4) a prime number?
False
Suppose -34*v + 59*v = 160975. Is v a composite number?
True
Suppose 4*h - 5*l = 530281, -2*h - 4*l = -96046 - 169088. Is h a composite number?
True
Suppose 15 = -b + 6*b - 5*g, -17 = -5*b + 3*g. Suppose -b*c - s - 71 = 0, -c + 0*c - s - 20 = 0. Is (0 + 3)/((-1)/c) a prime number?
False
Suppose i - 2*s = -2, 2*s - 17 = 4*i - 15. Suppose -4*f + 56456 = -i*f. Is f composite?
True
Let o = 15355 + -5130. Suppose -1248 = -7*h + o. Is h composite?
True
Is (-5)/(5 + -25) - (9 - (-6128120)/(-32)) composite?
True
Suppose -1019039 = 2623*c - 2630*c. Is c prime?
True
Suppose 0 =